08 and 2137919.
1127
Calculate the highest common divisor of 1043 and 896.
7
Calculate the highest common divisor of 634 and 27262.
634
What is the highest common factor of 8547 and 1050?
21
Calculate the greatest common factor of 194954 and 7062.
214
What is the greatest common divisor of 520 and 69960?
40
What is the highest common divisor of 455 and 1485835?
65
What is the highest common divisor of 15111 and 72?
9
What is the greatest common factor of 5023 and 16?
1
Calculate the greatest common factor of 592 and 5513.
37
What is the greatest common factor of 1750 and 686?
14
Calculate the highest common divisor of 96719 and 4305.
287
Calculate the greatest common factor of 5 and 23250.
5
What is the greatest common divisor of 1069892 and 296?
148
Calculate the greatest common factor of 88 and 55649.
11
What is the highest common factor of 1014 and 1367379?
507
What is the highest common factor of 1128909 and 23?
23
What is the greatest common factor of 26 and 12987?
13
Calculate the greatest common factor of 2751143 and 551.
551
What is the highest common divisor of 7619 and 6817?
401
What is the highest common divisor of 2 and 43886?
2
Calculate the greatest common factor of 72971 and 3483.
43
What is the greatest common divisor of 22194 and 1918?
274
What is the greatest common factor of 39 and 407979?
39
What is the highest common factor of 7957 and 146?
73
What is the greatest common divisor of 1713697 and 29?
29
Calculate the highest common factor of 13542 and 93462.
222
Calculate the greatest common divisor of 313846 and 78.
26
What is the highest common divisor of 4 and 74348?
4
What is the highest common factor of 4418790 and 30?
30
Calculate the greatest common factor of 48348 and 2448.
612
Calculate the greatest common divisor of 11550 and 176.
22
What is the highest common divisor of 8107 and 9449?
11
Calculate the greatest common divisor of 296 and 36149.
37
Calculate the greatest common factor of 349485 and 115.
115
What is the greatest common divisor of 304 and 85595?
19
Calculate the highest common factor of 1152 and 1920.
384
Calculate the greatest common factor of 513 and 364149.
27
What is the highest common factor of 93 and 41726?
31
Calculate the highest common divisor of 63 and 1165332.
21
What is the greatest common divisor of 160 and 24750?
10
Calculate the highest common divisor of 933869 and 437.
437
Calculate the greatest common divisor of 4192 and 8672.
32
Calculate the greatest common factor of 198 and 15378.
66
What is the greatest common factor of 16 and 132208?
16
What is the highest common factor of 3130 and 195?
5
What is the greatest common divisor of 2660 and 53542?
38
What is the greatest common divisor of 843612 and 252?
84
What is the highest common divisor of 21 and 1758897?
21
Calculate the highest common divisor of 13061842 and 103.
103
Calculate the greatest common divisor of 191550 and 1250.
50
What is the greatest common factor of 2044 and 29127?
511
What is the highest common factor of 80 and 89560?
40
Calculate the highest common divisor of 1540 and 504910.
70
Calculate the highest common divisor of 17271 and 1368.
171
What is the greatest common factor of 13363968 and 768?
768
What is the greatest common divisor of 8860 and 260041?
443
Calculate the greatest common divisor of 1269 and 89817.
141
What is the highest common divisor of 6990 and 330?
30
Calculate the highest common divisor of 16463 and 652.
163
What is the greatest common factor of 3 and 7899?
3
What is the greatest common divisor of 7536 and 9891?
471
What is the greatest common factor of 6785 and 7375?
295
What is the greatest common factor of 381 and 232410?
381
What is the greatest common factor of 31100 and 1700?
100
Calculate the highest common factor of 54 and 978162.
6
Calculate the highest common factor of 27720 and 35.
35
Calculate the highest common factor of 7038 and 15096.
102
Calculate the greatest common factor of 9 and 260622.
9
Calculate the greatest common divisor of 100568 and 104.
104
Calculate the highest common factor of 918372 and 1404.
156
Calculate the greatest common divisor of 2278 and 23885.
17
Calculate the highest common divisor of 396 and 5364.
36
Calculate the highest common divisor of 46040 and 30.
10
What is the highest common factor of 84 and 46788?
84
Calculate the highest common factor of 219 and 1096679.
73
Calculate the greatest common divisor of 1725 and 6279.
69
Calculate the highest common factor of 4698 and 3306.
174
What is the greatest common factor of 42478 and 1474?
134
Calculate the greatest common factor of 178 and 26522.
178
What is the greatest common divisor of 228012 and 282?
6
What is the greatest common divisor of 1904 and 11032?
56
Calculate the highest common factor of 204357 and 204.
51
Calculate the highest common divisor of 15932 and 56.
28
Calculate the greatest common divisor of 19000 and 703.
19
Calculate the highest common factor of 344 and 10492.
172
What is the greatest common factor of 47439 and 49?
7
Calculate the highest common factor of 3155 and 20192.
631
Calculate the greatest common factor of 85811 and 377.
29
What is the highest common divisor of 265425 and 4?
1
What is the greatest common factor of 1532 and 4403734?
766
What is the highest common divisor of 43120 and 13200?
880
Calculate the greatest common factor of 14814 and 198.
18
What is the highest common factor of 68561 and 327?
109
What is the greatest common divisor of 3230011 and 488?
61
What is the highest common factor of 813 and 849?
3
What is the highest common divisor of 646 and 89284?
34
What is the greatest common factor of 253800 and 432?
216
What is the greatest common factor of 25392 and 444?
12
Calculate the highest common factor of 7888 and 12240.
272
What is the highest common factor of 324 and 732?
12
What is the greatest common divisor of 104 and 3928?
8
What is the greatest common factor of 202 and 169478?
202
What is the highest common factor of 198 and 5806746?
198
What is the highest common divisor of 160 and 1385?
5
Calculate the highest common factor of 2021 and 2867.
47
Calculate the greatest common divisor of 1042758 and 18.
18
What is the greatest common divisor of 300 and 229650?
150
What is the highest common factor of 230 and 970?
10
Calculate the greatest common divisor of 2388 and 737096.
796
Calculate the greatest common factor of 531 and 178947.
531
Calculate the greatest common factor of 232 and 3704.
8
Calculate the highest common factor of 960826 and 219.
73
What is the greatest common factor of 2528 and 544?
32
What is the greatest common divisor of 798 and 2786?
14
Calculate the highest common divisor of 4845 and 3705.
285
Calculate the greatest common factor of 1047 and 2391348.
1047
Calculate the highest common divisor of 1946 and 92574.
278
Calculate the highest common divisor of 2321224 and 1129.
1129
What is the highest common factor of 1972 and 2726?
58
Calculate the greatest common divisor of 679 and 13483.
97
What is the greatest common factor of 5687 and 705?
47
Calculate the highest common factor of 104951 and 658.
329
Calculate the greatest common divisor of 990 and 1866.
6
Calculate the highest common factor of 54 and 15084.
18
Calculate the highest common factor of 51 and 142579.
17
What is the greatest common factor of 3484 and 1118?
26
Calculate the greatest common divisor of 5430 and 226431.
543
What is the greatest common factor of 2904 and 16500?
132
What is the highest common divisor of 99 and 1629?
9
What is the greatest common factor of 29578 and 368?
46
What is the highest common divisor of 13338 and 4914?
702
What is the highest common factor of 68 and 621435?
17
Calculate the highest common factor of 133004 and 7052.
164
What is the greatest common divisor of 4719 and 741?
39
What is the greatest common factor of 1212 and 8864164?
404
Calculate the highest common divisor of 403865 and 462.
77
Calculate the greatest common factor of 96 and 125456.
16
What is the highest common divisor of 1805 and 295?
5
What is the highest common divisor of 26481 and 114?
3
Calculate the highest common factor of 44 and 18854.
22
Calculate the highest common divisor of 12532 and 39.
13
Calculate the greatest common divisor of 2394 and 181678.
266
Calcu